{"id":1858,"date":"2021-09-15T14:49:43","date_gmt":"2021-09-15T12:49:43","guid":{"rendered":"https:\/\/webs.uab.cat\/workshopmrama\/sysmex\/"},"modified":"2025-10-06T18:25:08","modified_gmt":"2025-10-06T16:25:08","slug":"sysmex","status":"publish","type":"page","link":"https:\/\/webs.uab.cat\/workshopmrama\/sysmex\/","title":{"rendered":""},"content":{"rendered":"<p><a href=\"https:\/\/www.sysmex.es\" target=\"_blank\" rel=\"noopener\"><strong>Sysmex\u00a0Espa\u00f1a<\/strong><\/a><\/p>\n<ul>\n<li><a href=\"https:\/\/webs.uab.cat\/workshopmrama\/wp-content\/uploads\/sites\/312\/2021\/09\/cyflow_cube_6.pdf\" target=\"_blank\" rel=\"noopener\">Equipos<\/a><\/li>\n<li><a href=\"https:\/\/webs.uab.cat\/workshopmrama\/wp-content\/uploads\/sites\/312\/2021\/09\/celltrics.pdf\" target=\"_blank\" rel=\"noopener\">Filtros <em>CellTrics<\/em><\/a><\/li>\n<li><a href=\"https:\/\/webs.uab.cat\/workshopmrama\/wp-content\/uploads\/sites\/312\/2021\/09\/cyflow_cube_6_aplicaciones.pdf\" target=\"_blank\" rel=\"noopener\">Aplicaciones<\/a><\/li>\n<li><a href=\"https:\/\/webs.uab.cat\/workshopmrama\/wp-content\/uploads\/sites\/312\/2024\/12\/sysmex.pdf\" target=\"_blank\" rel=\"noopener\">Citometr\u00eda de flujo: m\u00e9todo r\u00e1pido para el control de calidad microbiol\u00f3gico (presentaci\u00f3n multimedia)<\/a><\/li>\n<\/ul>\n","protected":false},"excerpt":{"rendered":"<p>Sysmex\u00a0Espa\u00f1a Equipos Filtros CellTrics Aplicaciones Citometr\u00eda de flujo: m\u00e9todo r\u00e1pido para el control de calidad microbiol\u00f3gico (presentaci\u00f3n multimedia)<\/p>\n","protected":false},"author":20,"featured_media":0,"parent":0,"menu_order":0,"comment_status":"closed","ping_status":"closed","template":"","meta":{"footnotes":""},"class_list":["post-1858","page","type-page","status-publish","hentry"],"_links":{"self":[{"href":"https:\/\/webs.uab.cat\/workshopmrama\/wp-json\/wp\/v2\/pages\/1858","targetHints":{"allow":["GET"]}}],"collection":[{"href":"https:\/\/webs.uab.cat\/workshopmrama\/wp-json\/wp\/v2\/pages"}],"about":[{"href":"https:\/\/webs.uab.cat\/workshopmrama\/wp-json\/wp\/v2\/types\/page"}],"author":[{"embeddable":true,"href":"https:\/\/webs.uab.cat\/workshopmrama\/wp-json\/wp\/v2\/users\/20"}],"replies":[{"embeddable":true,"href":"https:\/\/webs.uab.cat\/workshopmrama\/wp-json\/wp\/v2\/comments?post=1858"}],"version-history":[{"count":5,"href":"https:\/\/webs.uab.cat\/workshopmrama\/wp-json\/wp\/v2\/pages\/1858\/revisions"}],"predecessor-version":[{"id":7213,"href":"https:\/\/webs.uab.cat\/workshopmrama\/wp-json\/wp\/v2\/pages\/1858\/revisions\/7213"}],"wp:attachment":[{"href":"https:\/\/webs.uab.cat\/workshopmrama\/wp-json\/wp\/v2\/media?parent=1858"}],"curies":[{"name":"wp","href":"https:\/\/api.w.org\/{rel}","templated":true}]}}