{"id":501,"date":"2011-06-10T11:06:39","date_gmt":"2011-06-10T09:06:39","guid":{"rendered":"https:\/\/webs.uab.cat\/workshopmrama\/laboratorios-microkit\/"},"modified":"2025-01-15T14:27:06","modified_gmt":"2025-01-15T13:27:06","slug":"laboratorios-microkit","status":"publish","type":"page","link":"https:\/\/webs.uab.cat\/workshopmrama\/laboratorios-microkit\/","title":{"rendered":""},"content":{"rendered":"<p><a href=\"https:\/\/www.microkit.es\/\" target=\"_blank\" rel=\"noopener\"><strong>Laboratorios Microkit<\/strong><\/a><\/p>\n<ul>\n<li><a href=\"https:\/\/www.microkit.es\/fichas-tecnicas-kits-de-analisis.htm\" target=\"_blank\" rel=\"noopener\">Manual de fichas t\u00e9cnicas. <em>Kits<\/em> de an\u00e1lisis<\/a><\/li>\n<li><a href=\"https:\/\/www.medioscultivo.com\" target=\"_blank\" rel=\"noopener\">Medios de cultivo (blog, art\u00edculos)<\/a><\/li>\n<\/ul>\n","protected":false},"excerpt":{"rendered":"<p>Laboratorios Microkit Manual de fichas t\u00e9cnicas. Kits de an\u00e1lisis Medios de cultivo (blog, art\u00edculos)<\/p>\n","protected":false},"author":20,"featured_media":0,"parent":0,"menu_order":0,"comment_status":"closed","ping_status":"closed","template":"","meta":{"footnotes":""},"class_list":["post-501","page","type-page","status-publish","hentry"],"_links":{"self":[{"href":"https:\/\/webs.uab.cat\/workshopmrama\/wp-json\/wp\/v2\/pages\/501","targetHints":{"allow":["GET"]}}],"collection":[{"href":"https:\/\/webs.uab.cat\/workshopmrama\/wp-json\/wp\/v2\/pages"}],"about":[{"href":"https:\/\/webs.uab.cat\/workshopmrama\/wp-json\/wp\/v2\/types\/page"}],"author":[{"embeddable":true,"href":"https:\/\/webs.uab.cat\/workshopmrama\/wp-json\/wp\/v2\/users\/20"}],"replies":[{"embeddable":true,"href":"https:\/\/webs.uab.cat\/workshopmrama\/wp-json\/wp\/v2\/comments?post=501"}],"version-history":[{"count":13,"href":"https:\/\/webs.uab.cat\/workshopmrama\/wp-json\/wp\/v2\/pages\/501\/revisions"}],"predecessor-version":[{"id":6304,"href":"https:\/\/webs.uab.cat\/workshopmrama\/wp-json\/wp\/v2\/pages\/501\/revisions\/6304"}],"wp:attachment":[{"href":"https:\/\/webs.uab.cat\/workshopmrama\/wp-json\/wp\/v2\/media?parent=501"}],"curies":[{"name":"wp","href":"https:\/\/api.w.org\/{rel}","templated":true}]}}