{"id":502,"date":"2011-06-10T11:09:42","date_gmt":"2011-06-10T09:09:42","guid":{"rendered":"https:\/\/webs.uab.cat\/workshopmrama\/liofilchem\/"},"modified":"2024-07-24T11:29:16","modified_gmt":"2024-07-24T09:29:16","slug":"liofilchem","status":"publish","type":"page","link":"https:\/\/webs.uab.cat\/workshopmrama\/liofilchem\/","title":{"rendered":""},"content":{"rendered":"\n<p><a href=\"http:\/\/www.liofilchem.net\/es\/\" target=\"_blank\" rel=\"noopener\"><strong>Liofilchem<\/strong><\/a>: distribuido por <a href=\"http:\/\/www.microplanet-psl.com\/index.html\" target=\"_blank\" rel=\"noopener\">MicroPlanet Laboratorios<\/a><\/p>\n\n\n\n<ul class=\"wp-block-list\">\n<li><a href=\"https:\/\/webs.uab.cat\/workshopmrama\/wp-content\/uploads\/sites\/312\/2021\/07\/catalogue_clinical_and_industrial_microbiology.pdf\" data-type=\"attachment\" data-id=\"856\" target=\"_blank\" rel=\"noreferrer noopener\">Cat\u00e1logo <em>Microbiolog\u00eda cl\u00ednica e industrial<\/em><\/a><\/li>\n\n\n\n<li><em><a href=\"https:\/\/webs.uab.cat\/workshopmrama\/wp-content\/uploads\/sites\/312\/2021\/07\/contact_slide.pdf\" data-type=\"attachment\" data-id=\"858\" target=\"_blank\" rel=\"noreferrer noopener\">Contact Slide<\/a><\/em><\/li>\n\n\n\n<li><a href=\"https:\/\/webs.uab.cat\/workshopmrama\/wp-content\/uploads\/sites\/312\/2021\/06\/esc_swab.pdf\" data-type=\"attachment\" data-id=\"1326\" target=\"_blank\" rel=\"noreferrer noopener\"><em>ESC Swab<\/em><\/a><\/li>\n\n\n\n<li><a href=\"https:\/\/webs.uab.cat\/workshopmrama\/wp-content\/uploads\/sites\/312\/2021\/07\/chromogenic_media_chromatic.pdf\" data-type=\"attachment\" data-id=\"860\" target=\"_blank\" rel=\"noreferrer noopener\">Medios de cultivo cromog\u00e9nicos <em>Chromatic<\/em><\/a><\/li>\n\n\n\n<li><a href=\"https:\/\/webs.uab.cat\/workshopmrama\/wp-content\/uploads\/sites\/312\/2021\/06\/easy_dry.pdf\" target=\"_blank\" rel=\"noreferrer noopener\">Placas\u00a0<em>Easy Dry<\/em><\/a><\/li>\n\n\n\n<li><a href=\"https:\/\/webs.uab.cat\/workshopmrama\/wp-content\/uploads\/sites\/312\/2021\/07\/enteropluri_test.pdf\" data-type=\"attachment\" data-id=\"866\" target=\"_blank\" rel=\"noreferrer noopener\"><em>EnteroPluri-<\/em>Test<\/a><\/li>\n\n\n\n<li><a href=\"https:\/\/webs.uab.cat\/workshopmrama\/wp-content\/uploads\/sites\/312\/2021\/07\/food_system.pdf\" data-type=\"attachment\" data-id=\"868\" target=\"_blank\" rel=\"noreferrer noopener\"><em>Food System<\/em><\/a><\/li>\n\n\n\n<li><a href=\"https:\/\/webs.uab.cat\/workshopmrama\/wp-content\/uploads\/sites\/312\/2021\/07\/haccp_system_plus.pdf\" data-type=\"attachment\" data-id=\"870\" target=\"_blank\" rel=\"noreferrer noopener\"><em>HACCP System<\/em> Plus<\/a><\/li>\n\n\n\n<li><a href=\"https:\/\/webs.uab.cat\/workshopmrama\/wp-content\/uploads\/sites\/312\/2021\/07\/contam_swab.pdf\" data-type=\"attachment\" data-id=\"864\" target=\"_blank\" rel=\"noreferrer noopener\"><em>Contam Swab<\/em><\/a><\/li>\n\n\n\n<li><a href=\"https:\/\/webs.uab.cat\/workshopmrama\/wp-content\/uploads\/sites\/312\/2021\/07\/clean_test.pdf\" data-type=\"attachment\" data-id=\"862\" target=\"_blank\" rel=\"noreferrer noopener\"><em>Clean Test<\/em><\/a><\/li>\n\n\n\n<li><em><a href=\"https:\/\/webs.uab.cat\/workshopmrama\/wp-content\/uploads\/sites\/312\/2021\/07\/microbial_latex.pdf\" data-type=\"attachment\" data-id=\"872\" target=\"_blank\" rel=\"noreferrer noopener\">Microbial Latex<\/a><\/em><\/li>\n<\/ul>\n","protected":false},"excerpt":{"rendered":"<p>Liofilchem: distribuido por MicroPlanet Laboratorios<\/p>\n","protected":false},"author":20,"featured_media":0,"parent":0,"menu_order":0,"comment_status":"closed","ping_status":"closed","template":"","meta":{"footnotes":""},"class_list":["post-502","page","type-page","status-publish","hentry"],"_links":{"self":[{"href":"https:\/\/webs.uab.cat\/workshopmrama\/wp-json\/wp\/v2\/pages\/502","targetHints":{"allow":["GET"]}}],"collection":[{"href":"https:\/\/webs.uab.cat\/workshopmrama\/wp-json\/wp\/v2\/pages"}],"about":[{"href":"https:\/\/webs.uab.cat\/workshopmrama\/wp-json\/wp\/v2\/types\/page"}],"author":[{"embeddable":true,"href":"https:\/\/webs.uab.cat\/workshopmrama\/wp-json\/wp\/v2\/users\/20"}],"replies":[{"embeddable":true,"href":"https:\/\/webs.uab.cat\/workshopmrama\/wp-json\/wp\/v2\/comments?post=502"}],"version-history":[{"count":4,"href":"https:\/\/webs.uab.cat\/workshopmrama\/wp-json\/wp\/v2\/pages\/502\/revisions"}],"predecessor-version":[{"id":5613,"href":"https:\/\/webs.uab.cat\/workshopmrama\/wp-json\/wp\/v2\/pages\/502\/revisions\/5613"}],"wp:attachment":[{"href":"https:\/\/webs.uab.cat\/workshopmrama\/wp-json\/wp\/v2\/media?parent=502"}],"curies":[{"name":"wp","href":"https:\/\/api.w.org\/{rel}","templated":true}]}}