{"id":136,"date":"2011-07-22T10:55:56","date_gmt":"2011-07-22T08:55:56","guid":{"rendered":"https:\/\/webs.uab.cat\/zkpq\/propietats-psicometriques-pdf\/"},"modified":"2022-11-16T08:54:46","modified_gmt":"2022-11-16T06:54:46","slug":"propietats-psicometriques-pdf","status":"publish","type":"page","link":"https:\/\/webs.uab.cat\/zkpq\/propietats-psicometriques-pdf\/","title":{"rendered":"Propietats psicom\u00e8triques (PDF)"},"content":{"rendered":"\n<figure class=\"wp-block-image\"><img loading=\"lazy\" decoding=\"async\" width=\"96\" height=\"131\" src=\"https:\/\/webs.uab.cat\/zkpq\/wp-content\/uploads\/sites\/270\/2011\/07\/propietats_0.png\" alt=\"\" class=\"wp-image-133\"\/><\/figure>\n\n\n\n<p><a href=\"https:\/\/webs.uab.cat\/zkpq\/wp-content\/uploads\/sites\/270\/2022\/11\/propietats_psico_zkqp_mostra_estudiants_espanyola-1.pdf\">Propietats psicom\u00e8triques en poblaci\u00f3 universit\u00e0ria<\/a><br><a href=\"https:\/\/webs.uab.cat\/zkpq\/wp-content\/uploads\/sites\/270\/2022\/11\/propietats_psico_zkqp_poblacio_general-1.pdf\">Propietats psicom\u00e8triques en poblaci\u00f3 general<\/a><br><a href=\"https:\/\/webs.uab.cat\/zkpq\/wp-content\/uploads\/sites\/270\/2022\/11\/propietats_psico_zkpq_mostra_pacients_psiquiatrics_ambulatoris_d-5.pdf\" target=\"_blank\" rel=\"noreferrer noopener\">Propietats psicom\u00e8triques en poblaci\u00f3 cl\u00ednica<\/a><\/p>\n\n\n\n<figure class=\"wp-block-image\"><img loading=\"lazy\" decoding=\"async\" width=\"750\" height=\"205\" src=\"https:\/\/webs.uab.cat\/zkpq\/wp-content\/uploads\/sites\/270\/2009\/05\/img_3990_2.jpg\" alt=\"img_3990_2.jpg\" class=\"wp-image-92\" srcset=\"https:\/\/webs.uab.cat\/zkpq\/wp-content\/uploads\/sites\/270\/2009\/05\/img_3990_2.jpg 750w, https:\/\/webs.uab.cat\/zkpq\/wp-content\/uploads\/sites\/270\/2009\/05\/img_3990_2-300x82.jpg 300w\" sizes=\"auto, (max-width: 750px) 100vw, 750px\" \/><\/figure>\n\n\n\n<p><em>Fotografies: Montserrat Gom\u00e0<\/em><\/p>\n","protected":false},"excerpt":{"rendered":"<p>Propietats psicom\u00e8triques en poblaci\u00f3 universit\u00e0riaPropietats psicom\u00e8triques en poblaci\u00f3 generalPropietats psicom\u00e8triques en poblaci\u00f3 cl\u00ednica Fotografies: Montserrat Gom\u00e0<\/p>\n","protected":false},"author":20,"featured_media":0,"parent":0,"menu_order":0,"comment_status":"closed","ping_status":"closed","template":"","meta":{"footnotes":""},"class_list":["post-136","page","type-page","status-publish","hentry"],"_links":{"self":[{"href":"https:\/\/webs.uab.cat\/zkpq\/wp-json\/wp\/v2\/pages\/136","targetHints":{"allow":["GET"]}}],"collection":[{"href":"https:\/\/webs.uab.cat\/zkpq\/wp-json\/wp\/v2\/pages"}],"about":[{"href":"https:\/\/webs.uab.cat\/zkpq\/wp-json\/wp\/v2\/types\/page"}],"author":[{"embeddable":true,"href":"https:\/\/webs.uab.cat\/zkpq\/wp-json\/wp\/v2\/users\/20"}],"replies":[{"embeddable":true,"href":"https:\/\/webs.uab.cat\/zkpq\/wp-json\/wp\/v2\/comments?post=136"}],"version-history":[{"count":1,"href":"https:\/\/webs.uab.cat\/zkpq\/wp-json\/wp\/v2\/pages\/136\/revisions"}],"predecessor-version":[{"id":461,"href":"https:\/\/webs.uab.cat\/zkpq\/wp-json\/wp\/v2\/pages\/136\/revisions\/461"}],"wp:attachment":[{"href":"https:\/\/webs.uab.cat\/zkpq\/wp-json\/wp\/v2\/media?parent=136"}],"curies":[{"name":"wp","href":"https:\/\/api.w.org\/{rel}","templated":true}]}}